t t(j) = -j + 5. Give t(3).
2
Let t(u) = 7*u**3 - u**2 - u + 2. Calculate t(-2).
-56
Let u(c) = 2*c**2 + 8*c - 10. What is u(-6)?
14
Let v(p) = p**3 - 19*p**2 - 19*p - 5. What is v(20)?
15
Let o(i) = -14*i**2 + 55*i + 7. Give o(4).
3
Let y(l) = 3*l**2 - 8*l - 3. What is y(6)?
57
Let v(f) = f**3 + 4*f**2 - 5*f - 7. Give v(-5).
-7
Let m(t) = t - 1. Give m(-4).
-5
Let i(v) = -v**2 - 15*v - 48. What is i(-7)?
8
Let l(j) = -j**3 + j**2 - 18. Give l(0).
-18
Let d(a) = -2*a**3 - 23*a**2 - 5*a + 25. Calculate d(-11).
-41
Let b(z) = z**3 + 6*z**2 - 6*z + 5. Determine b(-7).
-2
Let t(x) = -2*x**2 + 7*x + 11. Give t(5).
-4
Let k(s) = 2*s**2 + 24*s + 49. Give k(-9).
-5
Let c(a) = 6*a**2 - 21*a - 2. Determine c(4).
10
Let i(u) = u**2 - 7*u + 4. What is i(3)?
-8
Let n(t) = -9*t + 33. What is n(-6)?
87
Let w(f) = 7*f - 22. What is w(2)?
-8
Let c(u) = -u**2 - 4*u + 15. What is c(-7)?
-6
Let x(t) = 2*t - 10. Give x(7).
4
Let k(j) = j**3 + 5*j**2 + 2*j - 5. What is k(-4)?
3
Let k(w) = -w + 10. What is k(6)?
4
Let d(c) = c**2 + 26*c - 118. Calculate d(4).
2
Let w(c) = c**3 + 8*c**2 - 1. Give w(-3).
44
Let h(f) = -15*f**2 - 148*f + 14. What is h(-10)?
-6
Let f(q) = q**2 + 6*q + 5. Determine f(-3).
-4
Let o(j) = j**2 - 5*j - 4. What is o(-1)?
2
Let n(r) = r**3 + 26*r**2 + 25*r + 18. Give n(-25).
18
Let j(k) = -k**2 - 2*k + 32. What is j(-6)?
8
Let i(b) = -b**3 - 8*b**2 + b + 7. What is i(-7)?
-49
Let m(r) = -18*r**3 - r + 1. What is m(1)?
-18
Let d(p) = -p**2 + 3*p - 2. Determine d(6).
-20
Let w(q) = q + 10. Calculate w(-5).
5
Let p(k) = k**2 + 8*k + 16. What is p(-7)?
9
Let y(h) = -3*h**3 - 14*h**2 - 13*h + 1. Determine y(-2).
-5
Let q(g) = -g**3 - 2*g**2 - 3*g + 4. What is q(-3)?
22
Let q(z) = -z**3 - 3*z**2 - 2*z. Determine q(-2).
0
Let b(m) = 7*m - 11. Give b(7).
38
Let s(j) = -j**3 - 23*j**2 + 53*j + 62. Give s(-25).
-13
Let d(o) = 2*o**2 - 29*o + 19. Determine d(14).
5
Let a(w) = -w - 9. Determine a(-11).
2
Let o(d) = d**2 - 5*d - 26. Calculate o(9).
10
Let k(l) = 2*l + 11. What is k(-3)?
5
Let v(w) = -2*w**3 + 51*w**2 - 22*w - 81. Calculate v(25).
-6
Let b(h) = 6*h - 1. Determine b(2).
11
Let w(l) = 3*l**2 - 2*l - 2. What is w(2)?
6
Let a(u) = u**2 + 12*u + 16. Determine a(-14).
44
Let z(h) = -h**3 - 9*h**2 - 9*h - 17. What is z(-8)?
-9
Let j(w) = -46*w + 7. Give j(3).
-131
Let d(s) = -4*s - 13. What is d(-6)?
11
Let a(y) = 71*y - 1. Give a(1).
70
Let x(o) = -o**2 + 24*o - 21. What is x(16)?
107
Let p(h) = -h**3 + 3*h**2 + 6*h - 3. Give p(4).
5
Let y(r) = -r**2 + 38*r + 75. What is y(39)?
36
Let m(k) = k**3 - 5*k**2 - 38*k - 5. Calculate m(9).
-23
Let r(y) = y**3 - 5*y**2 - 6*y - 2. What is r(6)?
-2
Let o(d) = -d**2 - 6*d - 28. Calculate o(0).
-28
Let q(p) = -45*p - 10. What is q(2)?
-100
Let w(m) = -m**3 + 7*m**2 - 4*m - 5. Calculate w(4).
27
Let n(k) = k**2 + 10*k + 20. What is n(-4)?
-4
Let s(n) = -n**3 + 4*n**2 + 2*n - 3. Give s(3).
12
Let s(y) = y**3 + 5*y**2 + 3*y - 5. Give s(-4).
-1
Let p(u) = 2*u**3 - 3*u**2 + 8*u - 2. Calculate p(3).
49
Let n(v) = -v**3 - 10*v**2 + 10*v - 9. Calculate n(-11).
2
Let r(x) = -x**2 + 2*x - 5. What is r(-4)?
-29
Let l(v) = -v**3 + 5*v**2 + 86*v - 25. Give l(12).
-1
Let y(l) = -l**2 - 13*l + 61. Calculate y(-18).
-29
Let n(c) = c**3 + 13*c**2 - 23*c + 29. Give n(-15).
-76
Let s(i) = i**2 + 57*i - 667. Determine s(10).
3
Let t(i) = -16*i + 321. Give t(20).
1
Let q(o) = -4*o - 24. Determine q(-4).
-8
Let x(s) = -s**2 - 8*s + 4. Give x(-8).
4
Let b(o) = -6*o + 31. Give b(6).
-5
Let p(w) = -4*w - 62. What is p(-16)?
2
Let u(v) = -v**3 - 5*v**2 - 8*v - 8. Determine u(-4).
8
Let u(w) = w + 16. Determine u(17).
33
Let b(p) = 3*p - 74. Calculate b(16).
-26
Let o(q) = q**3 + 8*q**2 - q - 5. What is o(-7)?
51
Let o(w) = 25*w + 1. Determine o(3).
76
Let u(m) = -m**2 + 4*m + 5. What is u(5)?
0
Let z(r) = r**3 - 32*r**2 + 30*r - 45. Calculate z(31).
-76
Let b(p) = -14*p + 48. What is b(6)?
-36
Let z(m) = -m**3 - 8*m**2 + 9*m. What is z(-9)?
0
Let o(g) = g**3 + 6*g**2 + g + 64. What is o(-7)?
8
Let k(b) = -b**2 + 5*b - 7. What is k(0)?
-7
Let g(v) = v**2 - 111*v + 430. Give g(4).
2
Let w(u) = -u**2 + 12*u + 2. Calculate w(0).
2
Let s(x) = 5*x - 2. Give s(-4).
-22
Let h(x) = -x**3 - 19*x**2 + 19*x + 39. Give h(-20).
59
Let k(z) = 15*z**3 + z**2 - 1. Calculate k(-1).
-15
Let u(p) = 7*p + 4. What is u(-3)?
-17
Let y(x) = x**2 - 29*x - 99. Calculate y(-3).
-3
Let b(z) = -10*z + 72. Give b(7).
2
Let n(q) = 16*q - 817. Calculate n(51).
-1
Let x(o) = -o**3 + 4*o**2 + 2*o - 2. Calculate x(4).
6
Let b(h) = h - 26. Determine b(-12).
-38
Let n(w) = w**2 + 21*w - 942. Give n(-43).
4
Let n(y) = -5*y - 3. What is n(-2)?
7
Let b(n) = -n**3 - 6*n**2 - 4*n - 6. Give b(-5).
-11
Let u(f) = 6*f - 2. Give u(-7).
-44
Let w(x) = x**3 + 6*x**2 - 12*x + 8. What is w(-8)?
-24
Let w(g) = -g**3 - 7*g**2 - 8*g. Calculate w(-6).
12
Let n(r) = r**2 - 5*r + 1. Give n(7).
15
Let h(t) = t**3 + 9*t**2 + 32*t + 49. Give h(-5).
-11
Let c(s) = -2*s**3 - 2*s**2 + s + 1. Calculate c(-3).
34
Let c(s) = -6*s**2 - 7*s + 7. Determine c(1).
-6
Let l(z) = 27*z - 3. Give l(-7).
-192
Let o(a) = -27*a - 34. Determine o(6).
-196
Let p(c) = c**2 + 16*c + 6. Determine p(-12).
-42
Let b(n) = -52*n + 1. Calculate b(1).
-51
Let c(t) = -9*t - 7. What is c(-2)?
11
Let k(o) = o + 41. Determine k(32).
73
Let i(y) = 19*y**3 + y**2 - 6*y - 8. Determine i(-1).
-20
Let g(b) = b + 87. Calculate g(18).
105
Let i(g) = g**3 - 3*g**2 - 9*g - 9. Determine i(5).
-4
Let q(h) = h + 15. Give q(-20).
-5
Let c(h) = h**2 + 9*h + 5. Determine c(-9).
5
Let t(s) = -s**3 - s - 38. Determine t(0).
-38
Let m(q) = -q**2 - 13*q + 198. Determine m(-22).
0
Let o(t) = t**3 + 7*t**2 - 15. Calculate o(-7).
-15
Let o(d) = 6*d**2 + 55*d + 11. Determine o(-9).
2
Let p(q) = -6*q - 68. What is p(-28)?
100
Let u(j) = -2*j**2 + 43*j - 69. What is u(20)?
-9
Let c(i) = 2*i**2 + i - 30. What is c(6)?
48
Let z(a) = a - 15. Determine z(11).
-4
Let i(p) = -4*p**3 + 2*p**2 - 1. Give i(-1).
5
Let y(s) = -28*s - 555. Give y(-20).
5
Let a(y) = 2*y**2 - 11*y + 15. Give a(7).
36
Let m(b) = -b**2 - 14*b - 26. Determine m(-12).
-2
Let h(q) = 4*q - 2. Calculate h(7).
26
Let q(l) = 4*l**2 + 4*l - 1. What is q(-3)?
23
Let q(u) = u**2 + u + 3. Calculate q(3).
15
Let m(q) = -4*q + 23. What is m(3)?
11
Let m(u) = -10*u + 206. Determine m(20).
6
Let q(h) = 2*h + 9. Calculate q(0).
9
Let w(m) = m**2 - 10*m. Calculate w(11).
11
Let b(h) = -9*h + 21. Determine b(-12).
129
Let b(a) = a**2. Give b(1).
1
Let j(g) = -25*g + 38. Calculate j(2).
-12
Let v(a) = a**2 - a - 2. Determine v(0).
-2
Let i(m) = 14*m + 1. What is i(-3)?
-41
Let z(i) = -16*i + 682. Determine z(42).
10
Let k(l) = l**3 + 6*l**2 - 5*l + 7. Determine k(-7).
-7
Let f(z) = 3*z**2 - 48*z + 84. Determine f(14).
0
Let q(d) = -2*d - 4. Give q(0).
-4
Let n(r) = 2*r**2 + 10*r - 12. Calculate n(-6).
0
Let a(v) = 2*v + 64. What is a(-34)?
-4
Let o(l) = l**2 + 3*l - 17. Give o(0).
-17
Let b(j) = j - 16. Give b(12).
-4
Let i(y) = -2*y + 1. What is i(1)?
-1
Let v(l) = -l**3 + 10*l**2 - 24*l + 11. Calculate v(4).
11
Let k(a) = -2*a**2 + 63*a + 33. Give k(32).
1
Let r(j) = -j**3 - 78*j**2 + 84*j + 393. Give r(-79).
-2
Let m(u) = -3*u**2 - u. Calculate m(1).
-4
Let a(p) = -12*p + 2. Determine a(-4).
50
Let f(u) = -u**2 + 13*u - 14. Calculate f(10).
16
Let h(u) = 2*u**3 + 53*u**2 - 29*u - 20. Give h(-27).
34
Let j(u) = -u**2 + 35*u - 11. Determine j(0).
-11
Let q(u) = u**3 + 44*u**2 + 46*u + 138. What is q(-43)?
9
Let d(x) = x**3 + 3*x**2 - x + 1. Determine d(-2).
7
Let g(p) = 63*p - 137. Give g(2).
-11
Let k(d) = d**2 - 2*d - 5. Determine k(4).
3
Let a(m) = m**3 - 6*m + 2. Calculate a(-3).
-7
Let c(y) = -y**3 + 8*y**2 + 7*y + 17. Calculate c(9).
-1
Let q(x) = -x**3 - 12*x**2 - 10*x + 12. What is q(-11)?
1
Let p(a) = -a**3 + 12*a**2 - 8*a - 22. Give p(11).
11
Let y(u) = 2*u**3 + 26*u**2 + 22*u - 20. What is y(-12)?
4
Let r(m) = -m**2 - 7*m + 72. Calculate r(-12).
12
Let q(j) = -j**3 + 7*j**2 - 5*j - 18. What is q(4)?
10
Let o(a) = 5*a - 201. Calculate o(42).
9
Let d(k) = k**2 + 5*k - 16. Give d(11).
160
Let b(s) = 3*s**2 + 4*s + 2. What is b(-1)?
1
Let x(t) = 2*t**3 - 8*t**2 + 3*t - 4. Calculate x(3).
-13
Let u(m) = m**2 - 64*m + 300. Calculate u(5).
5
Let c(y) = -3*y - 1. Determine c(6).
-19
Let s(p